factor of 15 and m.
15
Let y be (16 - (-8)/2)/1. Suppose 67 = 5*r - 3*z - 68, -2*r + 5*z = -35. What is the greatest common divisor of y and r?
10
Let k = 143 - -33. Suppose -3*m + 4*m = k. Calculate the greatest common divisor of 16 and m.
16
Let i(l) = 7*l**3 + l**2 - 3. Let u be i(3). Let h = u - 120. Suppose -7*m + 150 = -2*m. Calculate the highest common divisor of h and m.
15
Suppose 11*k - 276 = -k. Calculate the highest common divisor of k and 115.
23
Let b(r) = r**3 + 19*r**2 + 2*r + 46. Let w be b(-19). What is the greatest common divisor of 1 and w?
1
Let c be -1 + (-2 + 2 + 0 - -3). Calculate the highest common divisor of c and 10.
2
Let s = -33 - -44. Calculate the greatest common divisor of s and 121.
11
Let t be 0 - 1*(-10 - 0). Let a be (-4)/(-18) + 50/18. Suppose 0 = 4*o + 12, 8*d - a*d = 5*o + 65. Calculate the greatest common factor of d and t.
10
Let x(s) = -5*s**2 + 8*s - 2. Let y(v) = -v**2. Let z(b) = -x(b) + 6*y(b). Let o be z(-7). What is the greatest common factor of 18 and o?
9
Let w(a) = 3*a - 4. Let s be w(3). What is the greatest common factor of 5 and s?
5
Suppose 5*w - 339 = -59. Let c = w + -20. Calculate the highest common factor of c and 24.
12
Let f = 2 + 0. Let d(n) = n**3 + 3. Let o be d(0). Suppose f*y = o*y - 23. Calculate the highest common factor of y and 115.
23
Let x be -1*-19*(-3)/(-3). Suppose 65 = 5*s + 5*b, 5*b + 51 = 4*s - x. Let y be 6/s - 56/(-10). Calculate the highest common factor of y and 3.
3
Suppose h - 14 = -3*a + 3*h, -2*a + 2*h = -12. What is the highest common factor of 4 and a?
2
Let w = 14 + 0. What is the greatest common factor of w and 98?
14
Let z = 11 + -5. What is the highest common divisor of 24 and z?
6
Let w(l) = 5*l**2 - 3*l - 1. Let q be w(-1). Suppose 880 = q*m - 2*m. Calculate the greatest common factor of 22 and m.
22
Let b(w) = 2*w - 1. Let n be b(5). Suppose 0 = 4*r - 33 + n. Suppose -4*p + 138 + 78 = 0. Calculate the highest common divisor of p and r.
6
Let y be 3 - (-5)/((-5)/(-12)). Let z be 20/(-1)*(-6)/y. What is the greatest common factor of 20 and z?
4
Suppose 0 = 3*b + b - 56. Calculate the highest common factor of 7 and b.
7
Suppose 5*s + 16 = 576. Calculate the greatest common factor of s and 14.
14
Let n = 7 + 1. Let x(v) = -44*v. Let f be x(-2). What is the highest common divisor of f and n?
8
Suppose 144 = 4*d - 76. Calculate the highest common factor of 5 and d.
5
Let f = 13 - 8. Suppose -h + 1 = o, -o + f*h = 2*o - 11. Let d be 4*(1 - o/(-2)). Calculate the greatest common divisor of 4 and d.
4
Let b(o) = o**3 + 2*o**2 - o - 2. Let t be b(2). Let r = -54 + 162. Suppose a + r = 4*a. What is the highest common divisor of a and t?
12
Let i be 17/(2 + -3) - -1. Let v be ((-12)/16)/(2/i). Suppose -x + v*x - 120 = 0. Calculate the greatest common factor of 24 and x.
24
Let u = 3 - 0. Suppose 0 = -u*c + j + 73, 0*j + 3*j = 6. What is the highest common factor of c and 10?
5
Let u = -83 + 92. Calculate the greatest common divisor of u and 9.
9
Let u(w) = -w**3 - 5*w**2 + 3. Let o be u(-5). Let h be -6 + o - 138/(-2). What is the greatest common divisor of 6 and h?
6
Let o be ((-30)/45)/(1/(-6)). Suppose -t + 4*b = -20 - 20, 2*b + 6 = 0. What is the greatest common divisor of o and t?
4
Let y(d) = -d**3 - d**2 - d + 38. Let l be y(0). Let q = l + -14. Calculate the highest common factor of q and 16.
8
Let n = -8 - -11. Suppose 93 = -n*w + 363. Calculate the highest common divisor of 10 and w.
10
Suppose 5*r - 2*m = 178, -4*m + m = 2*r - 75. What is the greatest common factor of 12 and r?
12
Suppose 3*p = 6, -6*f = -5*f - 5*p - 14. Calculate the highest common factor of 216 and f.
24
Let j = -21 + 13. Let l be (-320)/(-18) - j/36. What is the highest common divisor of 3 and l?
3
Suppose -q = -5 - 7. Suppose -d - q + 3 = 0. Let g = d - -19. What is the highest common divisor of 2 and g?
2
Let d(c) = -c + 7. Let j be d(-7). Let b = 15 + -8. What is the highest common factor of b and j?
7
Let h be (-3)/1 + 426/6. Let r be (0/(0 + 3))/(-2). Suppose 4*l + r*l = -3*g + 65, 2*l + 2*g = 32. Calculate the greatest common factor of h and l.
17
Suppose -i - 14 = -2*d, -4*d + 26 = -0*d - i. Calculate the greatest common divisor of d and 54.
6
Let n = 2 - 3. Let w(m) = 10*m**2 + m. Let g be w(n). Calculate the highest common factor of 72 and g.
9
Let p be 0/(-6) - 4/2. Let s(x) = x**3 - 3*x**2 - 2*x - 5. Let o be s(4). Let f = o + p. Calculate the greatest common divisor of f and 1.
1
Suppose -4*q = -3*g + g - 2, 3*g - 3 = 3*q. Calculate the greatest common divisor of q and 10.
2
Let d be (3/(-6))/(3/(-138)). What is the greatest common factor of d and 115?
23
Suppose 4*d = 12 + 20. What is the highest common divisor of 4 and d?
4
Let w be 52 - -2 - 5 - (5 - 1). What is the highest common divisor of 5 and w?
5
Suppose 0 = -4*u + 34 + 22. Let c = 13 + -4. Let d = 11 - c. What is the highest common divisor of u and d?
2
Suppose -q - 2 = -3*p, -3*q = -2*q + 3*p - 4. Let a = 1 - q. Suppose a*d - 12 = -d. What is the highest common divisor of d and 36?
12
Let h(w) = -w**3 - 5*w**2 + w - 1. Let f be h(-3). Let q = f + 38. Let j be q/6*102/8. What is the greatest common divisor of 17 and j?
17
Let r(y) = 60*y - 3. Let a be r(2). Calculate the greatest common divisor of a and 13.
13
Let l be -2 - (0 - 38)*1. Suppose -4*x = -l - 52. What is the greatest common factor of x and 2?
2
Let f be 1/(-2) - 442/(-4). Let a be (-2)/(((-24)/20)/6). Calculate the highest common divisor of a and f.
10
Suppose 3*w + 7 = 3*x + 2*w, 5*w = -3*x + 19. Calculate the greatest common factor of x and 2.
1
Suppose -10 = -5*u, 0*u = -4*t + 2*u + 40. Let s be ((-10)/15)/((-2)/6). Let o be (-2)/s + 3*15. Calculate the highest common divisor of o and t.
11
Suppose -4*s = s - 10, -3*g + s + 148 = 0. Calculate the greatest common divisor of g and 25.
25
Let k = -39 - -16. Let y = 32 + k. What is the greatest common divisor of y and 18?
9
Let x be 1/((-38)/(-18) + 22/(-11)). Suppose 4*h + 5*k = 391, 2*k + 3*k + 500 = 5*h. Calculate the highest common divisor of x and h.
9
Suppose -i - 2*v = -6*v - 9, 2*i - 5*v = 21. Calculate the greatest common divisor of i and 13.
13
Suppose -3 - 11 = -2*y - 2*g, -5*g + 27 = y. Suppose -3 = -j + y. Calculate the highest common divisor of j and 35.
5
Let g(w) = -4*w - 5. Let x be g(-8). Suppose -2*a + 7 = -29. Calculate the greatest common factor of a and x.
9
Suppose 274 = 5*p + 5*x - 111, -4*x + 148 = 2*p. Calculate the highest common factor of 8 and p.
8
Let x = 23 - 5. What is the highest common factor of 45 and x?
9
Let i(g) = g**2 - 11*g + 12. Let p be i(10). Suppose p*l = -l + 51. What is the greatest common factor of l and 85?
17
Suppose -2*y + 2*f + 50 = -10, 3*y = -3*f + 120. Let o = y + -19. Calculate the highest common divisor of 2 and o.
2
Suppose 4*k - 2*w = -6*w + 504, -644 = -5*k + 2*w. Calculate the greatest common divisor of k and 16.
16
Let r(c) = 59*c**2 + 2*c - 1. Let s be r(1). Calculate the greatest common factor of 12 and s.
12
Suppose -4*t - 8 = 4*j, 4 = 5*j + 2*t - 1. Suppose -j*p + 36 = 6. Suppose -4*b - p = -5*b. Calculate the greatest common divisor of b and 10.
10
Suppose -2*b = b + 3, 0 = -4*n + 2*b + 82. Calculate the greatest common factor of n and 60.
20
Let v = 10 + -10. Let r(i) = i + 40. Let c be r(v). Let o(l) = l**3 - 7*l**2 + 6*l + 5. Let s be o(6). What is the greatest common factor of s and c?
5
Suppose -3*l + 20 = -28. Calculate the highest common divisor of 4 and l.
4
Suppose -2*z + 21 = 9. What is the greatest common divisor of 3 and z?
3
Suppose -z + 5*q = 113 - 322, -1185 = -5*z - 3*q. Suppose 65 = 5*s - 0*s. Let v be s*3*(-6)/(-9). Calculate the highest common divisor of z and v.
26
Suppose b + 3*b - 3*a - 55 = 0, 5*a = 15. Let j be (168/(-14))/(6/(-4)). Calculate the highest common factor of j and b.
8
Let o be (1 + (-6)/3)*-69. Suppose -5*n - 14 + o = 0. Calculate the highest common divisor of 88 and n.
11
Let k(q) = -5*q + 3. Suppose 0 = 3*i - y + 15, -2*i = -3*i - 2*y - 5. Let b be k(i). What is the highest common divisor of b and 14?
14
Let y(l) be the third derivative of -l**4/3 + 2*l**3/3 + 5*l**2. Let a be y(-7). What is the greatest common divisor of 15 and a?
15
Let l = -69 - -92. What is the highest common divisor o